 39 = 2*o - 15. What is the greatest common divisor of o and 10?
5
Suppose 0 = -15*r - 0*r + 330. Calculate the highest common divisor of 110 and r.
22
Suppose 0 = 4*t - 0*o + o - 101, 4*t = 2*o + 86. What is the highest common divisor of 72 and t?
24
Let h(x) = 103*x - 5. Let t be h(3). Suppose -2*a = 2*a - t. Calculate the highest common divisor of 19 and a.
19
Let c be 3*196/48 + 5/(-20). Calculate the greatest common factor of 156 and c.
12
Suppose 16 = -4*o, 4*a - 5*a + 4*o = -86. What is the greatest common factor of a and 10?
10
Let o(h) = h**2 - 7*h - 5. Let m be o(8). Suppose -3*w + 12 = -m. What is the highest common factor of w and 15?
5
Suppose -16*q = -11*q - 330. Let w = -1 - 0. Let u be 7 - (-2 - 3*w). Calculate the greatest common factor of q and u.
6
Suppose -3*p = -3*h - 3, 0*p = -3*h + 4*p - 4. Let r be (-5)/((-10)/36) - h. Calculate the highest common factor of r and 18.
18
Let z(g) = 2*g - 7. Let q be z(6). Suppose -6*b + 2 = -q*b. Calculate the greatest common factor of 4 and b.
2
Let a(i) = i**3 + 10*i**2 - i - 10. Let g be a(-10). Suppose 5*u + 9 - 289 = g. Calculate the greatest common factor of u and 7.
7
Suppose -k + 1 - 9 = 0. Let i be 168/10 + k/10. What is the greatest common divisor of 112 and i?
16
Let y(a) = a**2 - 9*a - 1. Let d be y(9). Let p be d + -2 - -3 - -24. What is the greatest common divisor of p and 3?
3
Let b = -10 + 10. Suppose -2*z + 9 = -b*z + 5*q, -2*q - 78 = -4*z. Calculate the greatest common factor of z and 85.
17
Suppose -2*q = -4*q. Suppose q = d + d. Suppose h - 5*x + d*x - 55 = 0, 0 = -h + 3*x + 45. What is the highest common divisor of h and 10?
10
Suppose 4*r + 2*b = 34, -4*b - 18 = -3*r + 2. Calculate the highest common divisor of 72 and r.
8
Suppose -1008 = -4*s - 948. Suppose -1 = -p + 4*w, 2*w + 23 = 5*p - 0*w. Calculate the highest common divisor of p and s.
5
Suppose -3*r + 4*r - 3*l + 14 = 0, 5*l = 5*r + 20. Let t = r + 4. Let b(y) = y**2 + 3*y + 6. Let k be b(-4). Calculate the greatest common divisor of t and k.
5
Let l(q) = q**2 + q + 2. Let z be l(0). Suppose -5 + 1 = -z*t + 4*c, -5*t = 5*c - 55. What is the greatest common factor of t and 32?
8
Let p be 10*(-2)/((-16)/44). Calculate the highest common factor of p and 22.
11
Suppose 48 = -8*y + 10*y. What is the greatest common factor of y and 12?
12
Suppose -2 = d - 7. Let u = d - -1. What is the highest common factor of u and 2?
2
Let p(v) = -v**2 + v + 13. Let y be p(0). Let f be 0*(0 - 3/(-6)). Suppose f*m = -2*m + 208. Calculate the greatest common divisor of m and y.
13
Let c = -10 - -131. Let v be (-4)/(-22) - (-119)/11. What is the highest common divisor of v and c?
11
Let m = 20 - 18. Suppose -4*g = -5*w + 50, -g - 30 = 4*w - 91. What is the greatest common divisor of m and w?
2
Let v(r) = 452*r**2 + 5*r + 4. Let a be v(-1). What is the highest common factor of 41 and a?
41
Suppose 3*d + 5*r - 16 = 0, 3*r = d + 3*d - 60. Let i be (-168)/(-20) - 2/5. Let b = i - 4. Calculate the highest common divisor of d and b.
4
Suppose 3*t - 499 = 23. Let c = -94 + t. What is the greatest common divisor of c and 32?
16
Let o = -44 + 121. Calculate the highest common divisor of 7 and o.
7
Let x(v) = v**3 + 13*v**2 - 7*v + 14. Let a be x(-13). Calculate the greatest common divisor of a and 15.
15
Let v(x) = 3*x - 6. Let d be v(3). Calculate the greatest common divisor of 33 and d.
3
Suppose 2*o + o = 33. Let c = o - -19. Calculate the highest common divisor of 10 and c.
10
Let i(u) = u. Let t be i(4). Let p = 90 - -33. Suppose -21 = -4*c + p. What is the greatest common divisor of t and c?
4
Suppose 3*m = -3*g, -m - 3*m + 7 = -3*g. Suppose -3 = -i - 1, 5 = q - i. Calculate the greatest common factor of m and q.
1
Let k be (18/8)/((-5)/(-240)). Let g be (3 + 2)*(-4)/(-10). Suppose i - 14 = -2*l, -64 = -7*i + g*i - 4*l. What is the highest common factor of k and i?
12
Let b(i) = i**3 + 9 - 9 - i. Let m be b(-2). Let k be (-45)/m*4/2. What is the highest common divisor of k and 6?
3
Suppose -24 = -0*o - 2*o. Calculate the highest common divisor of 30 and o.
6
Suppose -2*d = 43 - 171. Let q(x) = x**3 + 4*x**2 - 2*x - 3. Let v be q(-3). Let h = v + 4. Calculate the greatest common divisor of d and h.
16
Suppose -k + 4 = c, 0*k + 4*c - 2 = 3*k. Suppose s = k*s - 14. What is the greatest common divisor of 14 and s?
14
Let c = 27 - 12. Let s = 65 + c. What is the highest common divisor of s and 32?
16
Let v be 3 + 4 + 0/1. Let k = 18 - v. Calculate the greatest common divisor of k and 88.
11
Let h = -189 + 288. Calculate the highest common divisor of 9 and h.
9
Let p be 6 + 2 + -5 + 7. Calculate the greatest common factor of p and 10.
10
Let j be -1*(-3)/(-3) + 3. Calculate the greatest common divisor of j and 4.
2
Let h(z) = -2*z + 3*z - 2*z + z**2 + 3. Let f be h(-4). Calculate the greatest common factor of f and 184.
23
Let g(u) = -6*u**2 + 10 + 0 + u**3 - 4*u - 18 - u. Let j be g(7). Calculate the greatest common factor of 18 and j.
6
Let r = -12 - -144. Let g = 194 - r. Suppose 2*n + 14 = g. Calculate the highest common divisor of 6 and n.
6
Suppose 0 = h - 3*h + 8. What is the greatest common factor of h and 28?
4
Suppose 0*i = -i - 4*z + 12, 0 = -4*z - 4. Let x = 115 + -67. What is the greatest common factor of i and x?
16
Let r be 16/(-4) + 3 - -232. What is the greatest common divisor of 33 and r?
33
Let s(j) = j**2 - 12*j - 3. Let v be s(-6). Calculate the greatest common divisor of 15 and v.
15
Let b = 251 - 179. Let j = -3 + 51. What is the highest common divisor of b and j?
24
Suppose 5*j + 20 = 5*s, -3*j = -8*j - 10. Let i = s - 0. Calculate the greatest common divisor of i and 10.
2
Suppose 4*l - 3*l - 64 = 0. Let h = 11 + l. Calculate the greatest common factor of 15 and h.
15
Suppose 0 = 4*y - 8, -3*u + 4*y + 1 = -3. Suppose -6*g + 12 = -u*g. Calculate the greatest common factor of g and 3.
3
Suppose 20*z - 147 = 17*z. What is the greatest common factor of z and 7?
7
Let t(a) = a + 1. Let q be t(-1). Suppose q*n - 30 = -5*n. Calculate the highest common divisor of n and 24.
6
Suppose -5*g = 2*q - 134, -12 = 3*q + q. Calculate the highest common factor of g and 28.
28
Let i = 83 - 78. What is the greatest common factor of 25 and i?
5
Let g be (416/39)/(2/3). What is the highest common divisor of g and 128?
16
Let y be 10*3/12*2. Let t = 8 - y. Calculate the highest common factor of t and 27.
3
Let m be -2 + 2 + (-3 - -3). Let u be 109 - 5 - m/(-2). Let p(l) = l**2 + 2*l + 5. Let r be p(-4). What is the greatest common factor of r and u?
13
Let p be 2*(-3)/(-15)*5. Suppose 0 = p*a - 4. Let j = a - -11. Calculate the highest common factor of 13 and j.
13
Let o be (-3)/(3/2) - -177. Suppose 5*i = i + l + o, 2*i - 85 = l. What is the greatest common divisor of 5 and i?
5
Let r(y) = -12*y. Let x be r(-3). Calculate the highest common divisor of 9 and x.
9
Let j(i) = -i**2 + 12*i - 2. Suppose 8 - 48 = -4*l. Let m be j(l). What is the greatest common divisor of 27 and m?
9
Suppose -2 = 2*k - 24. What is the greatest common divisor of k and 1?
1
Let v(n) = 2*n**2 + n + 1. Let p be v(2). Let y(m) = -m**3 + 9*m**2 - 2*m + 5. Let a be y(4). What is the greatest common divisor of p and a?
11
Let w(i) = i + 2. Let x be w(0). What is the greatest common divisor of x and 18?
2
Let h(q) = 8*q - 37. Let d be h(6). Suppose 35 = 4*u + 3*x, 0 = -2*u + 7*u + 4*x - 43. Calculate the greatest common divisor of u and d.
11
Let q = 20 - 8. Suppose p = -4*p + 1810. Suppose p = 5*a - 178. What is the greatest common divisor of a and q?
12
Let u be (-10)/(-25) + 32/(-5). Let p = 3 + 7. Let h be u/(-10) - (-4)/p. What is the highest common factor of 8 and h?
1
Let j be 39/(-1) + 6/3. Let l be 1 - (j*1 - -2). What is the greatest common divisor of 24 and l?
12
Let j be (6/4)/((-12)/(-16)). Let b(o) = 10*o**2 - 3*o + 2. Let k be b(j). Calculate the greatest common divisor of 9 and k.
9
Let c = 12 + -4. Let z = c + -4. Suppose z*o = 6 + 14. What is the highest common factor of 10 and o?
5
Let t = 155 + -153. What is the greatest common factor of t and 16?
2
Let v(x) = -x - x**2 + 16 + 0*x + 23 + 9. Let k be v(0). Calculate the highest common divisor of k and 12.
12
Suppose 32 = 10*f - 2*f. What is the greatest common factor of 20 and f?
4
Let l = 317 